2 divide 16421629?
False
Is 3573220 a multiple of 70?
True
Is 95 a factor of 32605235?
True
Is 3706547 a multiple of 18?
False
Is 22 a factor of 2663395459?
False
Does 15 divide 437933880?
True
Does 2111 divide 444989539?
False
Is 157290983 a multiple of 56?
False
Does 1091 divide 4976719?
False
Is 3500 a factor of 1721531399?
False
Does 5624 divide 443103712?
True
Is 45803780 a multiple of 1258?
True
Does 6 divide 13949784?
True
Is 19 a factor of 2208655?
True
Does 121 divide 56180300?
True
Does 575 divide 1007957175?
True
Does 67 divide 6764856?
True
Is 145440638 a multiple of 31?
False
Is 460865912 a multiple of 3727?
True
Does 28 divide 24095428?
True
Is 650 a factor of 2651632765?
False
Is 10833598 a multiple of 148?
False
Is 32 a factor of 2989440?
True
Is 305993195 a multiple of 53?
False
Is 19 a factor of 143922872?
True
Is 20023858 a multiple of 941?
False
Is 562 a factor of 784552?
True
Is 823354 a multiple of 7?
True
Is 79 a factor of 171610470?
False
Is 136 a factor of 2866013547?
False
Is 94773229 a multiple of 149?
False
Is 155 a factor of 2012692360?
True
Is 232 a factor of 2368182919?
False
Does 70 divide 544870760?
True
Is 676253434 a multiple of 19?
True
Does 38 divide 317084692?
True
Is 8 a factor of 56566683?
False
Is 752780514 a multiple of 58?
False
Does 1857 divide 102394980?
True
Is 5250234 a multiple of 17?
False
Is 31339103 a multiple of 70?
False
Does 10 divide 625720?
True
Is 20274255 a multiple of 197?
True
Is 2 a factor of 26142574?
True
Is 133474458 even?
True
Is 184 a factor of 3347648160?
True
Does 1946 divide 3394147731?
False
Does 671 divide 42270262?
False
Is 14699741 a multiple of 58?
False
Is 80 a factor of 415189723?
False
Is 624851323 a multiple of 2678?
False
Does 10 divide 4690870?
True
Does 2853 divide 237794697?
True
Does 15 divide 22731645?
True
Is 279 a factor of 32835231?
True
Is 65153095 a multiple of 85?
True
Does 82 divide 141419115?
False
Is 1394 a factor of 406513826?
False
Is 439022480 a multiple of 52?
True
Is 165 a factor of 2293500?
True
Does 54 divide 1113257628?
True
Does 7 divide 157919461?
True
Is 111911824 a multiple of 19?
True
Is 55 a factor of 92957169?
False
Is 102 a factor of 486973572?
False
Is 41 a factor of 231326838?
True
Does 173 divide 36976470?
False
Is 116033880 a multiple of 7996?
False
Is 5 a factor of 470709?
False
Is 51347214 a multiple of 505?
False
Is 879 a factor of 205758078?
True
Does 76 divide 642787708?
True
Does 12 divide 343341360?
True
Does 20 divide 3769659?
False
Does 33 divide 745832472?
True
Is 37602180 a multiple of 18?
True
Does 9 divide 25263718?
False
Does 39 divide 7390558377?
False
Is 148 a factor of 36573316?
True
Is 9 a factor of 154615325?
False
Is 4 a factor of 802557789?
False
Is 855557980 a multiple of 3739?
True
Does 42 divide 114547750?
False
Is 106 a factor of 5284530?
False
Is 19 a factor of 382167121?
True
Is 25824535 a multiple of 11?
True
Does 90 divide 285577?
False
Is 29 a factor of 1182953674?
True
Does 371 divide 150656793?
True
Does 32 divide 90193920?
True
Is 387 a factor of 22155750?
True
Does 90 divide 4439340?
True
Is 44 a factor of 721385297?
False
Is 5137 a factor of 63600062?
False
Is 178 a factor of 15760041?
False
Is 40278954 a multiple of 144?
False
Is 162874244 a multiple of 4826?
False
Does 9 divide 41767317?
True
Is 145 a factor of 748980054?
False
Does 19 divide 1361222889?
False
Is 112 a factor of 201068402?
False
Is 64762789 a multiple of 13?
True
Is 666 a factor of 25363944?
True
Does 764 divide 315875677?
False
Is 383 a factor of 146983910?
True
Does 113 divide 11627587?
True
Is 273713776 a multiple of 5912?
True
Is 41 a factor of 1008372040?
True
Is 653249873 a multiple of 1291?
True
Does 361 divide 181931365?
True
Is 266596704 a multiple of 11?
True
Does 21 divide 8512559?
False
Is 4983 a factor of 364193092?
False
Is 18 a factor of 159869070?
True
Is 255 a factor of 55393411?
False
Is 416 a factor of 4312675?
False
Is 1002053850 a multiple of 626?
True
Does 95 divide 28575430?
True
Does 67 divide 3314913?
False
Is 35 a factor of 101859415?
True
Is 473570 a multiple of 47?
False
Is 21077712 a multiple of 97?
True
Is 77614308 a multiple of 4?
True
Does 175 divide 886943925?
True
Is 13603812 a multiple of 15?
False
Is 46566520 a multiple of 364?
True
Is 576 a factor of 53331430?
False
Does 10 divide 20325730?
True
Does 777 divide 15286698?
True
Is 241831870 a multiple of 14?
True
Does 111 divide 4102227?
True
Does 4512 divide 1529134848?
True
Is 4647879 even?
False
Is 1724219850 a multiple of 30?
True
Is 186465211 a multiple of 26?
False
Is 10 a factor of 9269760?
True
Is 1591330866 a multiple of 54?
False
Does 72 divide 337608072?
True
Does 74 divide 27265152?
True
Does 130 divide 32876870?
True
Is 528263483 a multiple of 15?
False
Is 10784825 a multiple of 560?
False
Is 379 a factor of 431247640?
False
Is 14 a factor of 124729746?
False
Is 130588820 a multiple of 10?
True
Is 7 a factor of 28153195?
True
Is 218 a factor of 1085902472?
True
Is 63648 a multiple of 136?
True
Is 3 a factor of 179994319?
False
Is 482 a factor of 455165992?
False
Does 1621 divide 23387788?
True
Is 423037889 a multiple of 669?
False
Is 56538848 a multiple of 22?
False
Does 836 divide 86835112?
False
Does 13 divide 22774609?
True
Does 24 divide 141746856?
True
Does 223 divide 18735345?
True
Is 4 a factor of 20442692?
True
Is 7028 a factor of 524109354?
False
Does 18 divide 61519931?
False
Does 8 divide 56816792?
True
Does 8 divide 409427382?
False
Is 44649914 a multiple of 39?
False
Does 17 divide 159932685?
True
Does 7 divide 22288830?
False
Does 7 divide 16028369?
True
Does 5396 divide 383973964?
True
Does 54 divide 545445429?
False
Does 6797 divide 725102904?
False
Is 51 a factor of 3262341?
False
Does 21 divide 1198071?
True
Does 3189 divide 3196574340?
False
Is 1051 a factor of 222576804?
False
Is 6 a factor of 889266?
True
Is 207 a factor of 19590480?
True
Is 10 a factor of 10221240?
True
Is 11 a factor of 15159467?
False
Is 26787615 a multiple of 1623?
True
Is 16 a factor of 51347168?
True
Is 53670643 a multiple of 67?
False
Is 17 a factor of 98346515?
False
Is 3232 a factor of 297893233?
False
Is 1169865772 a multiple of 4519?
False
Is 590952076 a multiple of 17?
False
Is 12 a factor of 1556583439?
False
Does 681 divide 1938613596?
True
Is 166 a factor of 196691076?
True
Does 78 divide 29950556?
False
Is 1487 a factor of 8520208?
False
Is 155092853 a multiple of 17?
True
Does 22 divide 418802587?
False
Is 2251 a factor of 44968017?
False
Is 54651291 a multiple of 5?
False
Is 2489 a factor of 27928972?
False
Is 188880066 a multiple of 27?
True
Does 2558 divide 55655908?
False
Is 7956102 a multiple of 154?
True
Is 284081616 a multiple of 931?
True
Is 151369420 a multiple of 1780?
True
Is 195 a factor of 3557914620?
True
Is 2971 a factor of 317641531?
False
Does 179 divide 67390099?
True
Does 3233 divide 257126963?
False
Is 2131 a factor of 26233136?
False
Is 245255052 a multiple of 14?
True
Is 6778023 a multiple of 147?
True
Does 315 divide 330316560?
True
Is 3315 a factor of 625858740?
True
Does 1578 divide 14333545?
False
Does 17 divide 83382127?
True
Is 2106 a factor of 43325603?
False
Is 7 a factor of 10749157?
False
Does 172 divide 48448602?
False
Is 66480674 a multiple of 3277?
False
Does 147 divide 74604686?
False
Is 800 a factor of 3868559225?
False
Is 50 a factor of 68626150?
True
Is 20 a factor of 418665360?
True
Does 1129 divide 11294516?
True
Is 2485241 a multiple of 11?
True
Is 120 a factor of 130637160?
True
Does 505 divide 46650115?
False
Is 22434168 a multiple of 8?
True
Does 432 divide 691866084?
False
Does 72 divide 665414856?
True
Is 13 a factor of 218833999?
False
Is 44570148 a multiple of 2?
True
Is 1765790920 a multiple of 3566?
False
Is 34648978 a multiple of 26?
True
Does 3659 divide 1626351693?
False
Does 22 divide 37044974?
False
Is 19 a factor of 13752846?
True
Is 611052982 a multiple of 23?
False
Does 7 divide 206589436?
False
Does 423 divide 5457546?
True
Is 494388580 a multiple of 140?
True
Is 54279520 a multiple of 40?
True
Is 69073805 a multiple of 5377?
False
Is 1004344022 a multiple of 622?
True
Is 5 a factor of 13657900?
True
Is 538314777 a multiple of 5844?
False
Is 1696 a factor of 191342